 + 550. What is the units digit of b(44)?
2
What is the units digit of 10*352*(8/10)/4?
4
Let d = 144 - -97. What is the hundreds digit of d?
2
Let p = -18 + 18. Suppose -3*g + 65 + 4 = p. What is the units digit of g?
3
Suppose 25*h = 18*h + 1498. What is the hundreds digit of h?
2
Suppose 4*v + 3*t + 48 = 7*t, 2*t - 12 = v. Let n = 52 - 27. Let k = v + n. What is the tens digit of k?
1
Suppose 43666 - 2086 = 21*q. What is the tens digit of q?
8
Let p(y) = -y + 5. Let a be p(5). Suppose a = -x + 2 + 4. Suppose 9 = n - x. What is the tens digit of n?
1
Suppose 0 = -3*j + u + 176, 3*u - 89 = -2*j + 43. Suppose -1773*y = -1771*y. Suppose y = 2*q - j + 6. What is the units digit of q?
7
Suppose 2*f - m = 197, -4*f + m = -0*m - 395. Suppose f = p - 4*g, 4*g = 5*p + 19 - 450. What is the tens digit of p?
8
Suppose 0 = 7*t - 5413 - 908. What is the tens digit of t?
0
Let u = 164 + -156. Suppose -2*b - u = 0, 0 = 5*k - 8*k + 2*b + 986. What is the hundreds digit of k?
3
Let q = 36 - 25. Suppose m + 4 = q. Let g(f) = -f**3 + 7*f**2 + f + 15. What is the tens digit of g(m)?
2
Let v be -1 + (-75)/(-30) + (-66)/(-4). Let c(k) = -2*k**3 - k**2. Let f be c(-2). Let x = f + v. What is the units digit of x?
0
Suppose -8270 = 30*l - 169130. What is the tens digit of l?
6
Let h(w) be the first derivative of -w**3/3 - 2*w**2 + 2*w + 49. Let g be ((-6)/8)/((-1)/(-4)). What is the units digit of h(g)?
5
Let s be (-4)/8 - 276/(-8). Let t = 67 - s. Suppose 0 = d - 5 - t. What is the tens digit of d?
3
Let x(o) = -o**3 + 7*o**2 - 6*o - 11. Let g be x(5). Suppose g*f - 84 = 5*f. What is the units digit of f?
1
Suppose 0 = 3*w + 4*f - 38, -5*w + 42 = -3*f - f. What is the units digit of 32/48*(-1 + w)?
6
What is the hundreds digit of (-5348)/(-2) - (16 - 18)?
6
What is the units digit of (-3600)/(-5) + (3 - (0 - -2))?
1
Let k(t) = -t**3 - t**2 - t - 5. Let j be k(0). Let w be 0 - (3 + -1 + -9). Let o = j + w. What is the units digit of o?
2
What is the hundreds digit of (12/(-6))/(3*4/(-4062))?
6
Suppose 5*i + 151 = 6. Let u = 55 + -24. Let s = u + i. What is the units digit of s?
2
What is the units digit of (-5873)/(-8) - (-29)/(-232)?
4
Let x be (6 - 8) + 2*-4. Suppose 0*o + 1 = -o. What is the units digit of ((-95)/x)/(o/(-2))?
9
Let n = -51 - -55. Suppose n*y = -4*y + 544. What is the units digit of y?
8
Let h be (-45)/18*(-78 - 0). Suppose 5*a - 2*y = 3*y + h, -5*a - 4*y = -204. What is the tens digit of a?
4
Let x = 82 + -89. Let t(l) = -2*l**3 - 9*l**2 + 12*l + 17. What is the hundreds digit of t(x)?
1
Let s = 11381 - 6742. What is the units digit of s?
9
Suppose -5*x + t + 31 = -x, -5*x + 5*t = -50. Suppose -4*r - 1 = x. What is the units digit of -2 + r/3*-6?
2
Let p be (158 - -8)*9/6. Suppose -p = -2*n - 81. What is the units digit of n?
4
Let p(b) = -b**3 + 2*b**2 - 2*b - 1. Let n be p(2). What is the units digit of 5 + 3 + n + (1 - -59)?
3
Let x(v) be the third derivative of -7*v**6/120 - v**5/30 - v**3/6 + 6*v**2. Let s be x(-2). Let r = s - 34. What is the units digit of r?
3
Let h be (-3)/(-9) - 395/15. Let v = h + 29. What is the tens digit of v - 63/(-4 - -3)?
6
Suppose 0 = -3*l + 6*l. Suppose l = 6*p - p - 10. Suppose 27 = y + s, -y - 2*s - p*s = -36. What is the units digit of y?
4
Let k be ((-104)/10)/(266/35 + -8). Let s = 168 - k. What is the units digit of s?
2
Suppose 4*b - 4*i = 5528, 5*b = -83*i + 82*i + 6934. What is the units digit of b?
6
Let y = 2294 + -1449. What is the units digit of y?
5
Suppose 3*l + 1797 = 5*w - 3156, 0 = 4*l + 4. What is the hundreds digit of w?
9
Let o = 364 - 197. What is the hundreds digit of o?
1
Let f(b) = 37*b**2 + 24*b + 3. What is the units digit of f(-4)?
9
Let t be -2*(1 + 8/(-2) - -9). What is the tens digit of (-418*(-6)/t)/(-1)?
0
Let w be (-1)/((-2)/(-54)) + 3/(-3). Let d = w + 80. What is the units digit of d?
2
Let b = -2 - -6. Suppose -5*n + 3*p + 6 = 2, b*n - 2 = 3*p. What is the units digit of 672/108 + n/(-9)?
6
Suppose 2*d - 6*d = -8. Suppose -28 = d*s - 4*s. Let t = s - -24. What is the units digit of t?
8
Let h = -542 + 794. Suppose -12 = 4*y, h = 3*l + l - 4*y. What is the tens digit of l?
6
Let d(r) = 8*r - 18. Let j be d(12). Suppose 4*u = -2*y + 20, -5*y - 4*u + u + j = 0. Let p = y + -14. What is the units digit of p?
4
Suppose -b - b + 3*q = -1948, -q = -4. What is the units digit of b?
0
Let r(w) = w**3 + 5*w**2 - 4*w - 6. Let q be r(-6). Let c = -16 - q. What is the units digit of (-3170)/(-50) + c/(-5)?
3
Let f = 465 - -173. Let t = f - 418. What is the hundreds digit of t?
2
Let j(m) = 63*m**2 + 4*m + 20. What is the thousands digit of j(4)?
1
Let l be (40/25 + -4)*-10. Let u = 48 - l. What is the units digit of u?
4
Let a(k) = k + 18. Let h be a(-14). Suppose -3*n - 9 = -6*n. Suppose 5*t + 54 = n*m - 9, -5*m = h*t - 68. What is the tens digit of m?
1
Let b(q) be the third derivative of q**5/60 + q**4/12 - 2*q**3/3 - 7*q**2. What is the tens digit of b(-10)?
7
Let r be (-17)/3 - (-2)/(-6). Let o be (4/(-5))/(r/15). Suppose o*t = 33 + 5. What is the units digit of t?
9
Let t = -133 - -149. What is the tens digit of t?
1
Let v(r) be the third derivative of r**5/12 - r**4/12 - r**3/2 - 3*r**2. Let y(j) be the first derivative of v(j). What is the units digit of y(3)?
8
Suppose -5*y + 1521 = 491. Let l = y - 80. What is the units digit of l?
6
Let c = -58 + 68. What is the hundreds digit of (0 - 1) + 2560/c?
2
Suppose r - 17 = 6. What is the tens digit of r?
2
Let m(a) = a - 7. Let z be m(9). Let j(r) = 4 - 3*r**2 - 4*r + 5*r + 3*r**2 + z*r**2. What is the units digit of j(-5)?
9
Suppose 59*u - 66*u + 11200 = 0. What is the tens digit of u?
0
What is the units digit of ((-5)/4)/((39/(-828))/13)?
5
Let x(l) = 2*l**2 - 23*l - 8. Let v be x(16). What is the tens digit of ((-63)/42)/((-6)/v)?
3
Suppose -2*t + 4896 = 3*t + 3*o, 0 = t - 2*o - 987. What is the units digit of t?
1
Suppose -2*v = -5*u - 494 - 35, 3*v - u - 787 = 0. What is the hundreds digit of v?
2
Let h(i) = 302*i + 57. What is the tens digit of h(18)?
9
Let k(w) = w**3 + 4*w**2 - 23*w + 21. What is the hundreds digit of k(8)?
6
Suppose 4*h - 37 = -29. What is the tens digit of (-4)/(-1) - (h - -38)*-8?
2
Let b be (-1*1)/((-17)/493). Suppose -b = -2*u - 2*i - 3*i, -2*u + i = 1. Suppose -u*q = -3*q + 19. What is the tens digit of q?
1
Let o(c) = c**3 - 10*c**2 + 46*c - 3. What is the units digit of o(8)?
7
Let p(w) = w**3 + 13*w**2 - 7*w - 8. Let i(c) = -c**2 + 1. Let u(a) = -6*i(a) - p(a). Let b be u(-8). Let h = 1 + b. What is the units digit of h?
1
Suppose 5 = -s + 1. Let x be 6/(2/s*1). Let p = x - -21. What is the units digit of p?
9
Suppose 2*i = -0*i - 2170. Let q = -75 - -33. What is the tens digit of i/q - (-2)/12?
2
Suppose -27*l + 156799 = 63298. What is the thousands digit of l?
3
Let i = 8603 + -4646. What is the hundreds digit of i?
9
Let c be (4/(-6))/(6/(-63)). Let l(d) = d**3 - 5*d**2 - 6*d + 10. What is the units digit of l(c)?
6
Let k = -1409 - -2852. What is the units digit of k?
3
Suppose 5*r + 1909 = 4*s, 0*s - 3*r = 2*s - 971. What is the units digit of s?
1
What is the hundreds digit of 1988/6*(-10 + 104/8)?
9
Let s = 3598 + 2527. What is the thousands digit of s?
6
Suppose -5*t - 2*n + 11 = -4, n = 5. Suppose 5*d - 113 = 3*r, -r = -3 - t. What is the units digit of d?
5
Let s(i) = -i**3 + 3*i**2 + 5*i - 7. Let p be s(4). What is the hundreds digit of p/2*((-1388)/12 + 5)?
1
Suppose 3*u - 7*u - 14 = -v, -4*v - 4*u - 4 = 0. Suppose -d = 3*h - v - 7, 0 = 5*h + d - 17. What is the units digit of 34 - (6 - h)*1?
2
Let v = 123 + -119. Suppose 108 = 2*c + 2*h + 2*h, 0 = v*c + 2*h - 186. What is the units digit of c?
4
Let p be (36/15)/(2 + (-46)/20). What is the tens digit of (-4)/(-16) + (-278)/p?
3
Let k(w) = -w - 5 + 2*w + 4. Let x = 29 + -21. What is the units digit of k(x)?
7
Let j(p) = 48*p - 6. What is the units digit of j(7)?
0
Let p(d) = -d**2 + 2*d - 3. Let w be p(5). Let t = w - -21. Suppose 6 - t = c. What is the units digit of c?
3
What is the hundreds digit of 3667 + (2 - 0) - -8?
6
Let h = 167 + -32. Let g = h + -4. What is the tens digit of g?
3
Let b(m) = -25*m - 28. Let c be b(-12). Let l = c - 80. What is the tens digit of l?
9
What is the tens digit of 2/9 - (-511)/9?
5
Let b(a) = -a*